{"id":1344,"date":"2023-01-23T20:17:54","date_gmt":"2023-01-23T20:17:54","guid":{"rendered":"https:\/\/inmobilik.com\/?page_id=1344"},"modified":"2023-01-26T19:07:00","modified_gmt":"2023-01-26T19:07:00","slug":"administracion-de-edificios","status":"publish","type":"page","link":"https:\/\/inmobilik.com\/index.php\/administracion-de-edificios\/","title":{"rendered":"Administraci\u00f3n de edificios"},"content":{"rendered":"\t\t<div data-elementor-type=\"wp-page\" data-elementor-id=\"1344\" class=\"elementor elementor-1344\">\n\t\t\t\t\t\t<section class=\"elementor-section elementor-top-section elementor-element elementor-element-76f72a7 elementor-section-full_width elementor-section-height-default elementor-section-height-default wpr-particle-no wpr-jarallax-no wpr-parallax-no wpr-sticky-section-no\" data-id=\"76f72a7\" data-element_type=\"section\" data-settings=\"{&quot;background_background&quot;:&quot;classic&quot;}\">\n\t\t\t\t\t\t\t<div class=\"elementor-background-overlay\"><\/div>\n\t\t\t\t\t\t\t<div class=\"elementor-container elementor-column-gap-default\">\n\t\t\t\t\t<div class=\"elementor-column elementor-col-25 elementor-top-column elementor-element elementor-element-86e2ddd\" data-id=\"86e2ddd\" data-element_type=\"column\">\n\t\t\t<div class=\"elementor-widget-wrap\">\n\t\t\t\t\t\t\t<\/div>\n\t\t<\/div>\n\t\t\t\t<div class=\"elementor-column elementor-col-50 elementor-top-column elementor-element elementor-element-54b5cdf\" data-id=\"54b5cdf\" data-element_type=\"column\">\n\t\t\t<div class=\"elementor-widget-wrap elementor-element-populated\">\n\t\t\t\t\t\t<div class=\"elementor-element elementor-element-451a4b6 elementor-widget elementor-widget-spacer\" data-id=\"451a4b6\" data-element_type=\"widget\" data-widget_type=\"spacer.default\">\n\t\t\t\t<div class=\"elementor-widget-container\">\n\t\t\t\t\t\t\t<div class=\"elementor-spacer\">\n\t\t\t<div class=\"elementor-spacer-inner\"><\/div>\n\t\t<\/div>\n\t\t\t\t\t\t<\/div>\n\t\t\t\t<\/div>\n\t\t\t\t<div class=\"elementor-element elementor-element-4f22bd1 elementor-widget elementor-widget-heading\" data-id=\"4f22bd1\" data-element_type=\"widget\" data-widget_type=\"heading.default\">\n\t\t\t\t<div class=\"elementor-widget-container\">\n\t\t\t\t\t<h2 class=\"elementor-heading-title elementor-size-default\">ADMINISTRACI\u00d3N DE EDIFICIOS<\/h2>\t\t\t\t<\/div>\n\t\t\t\t<\/div>\n\t\t\t\t<div class=\"elementor-element elementor-element-85ec7d2 elementor-widget elementor-widget-spacer\" data-id=\"85ec7d2\" data-element_type=\"widget\" data-widget_type=\"spacer.default\">\n\t\t\t\t<div class=\"elementor-widget-container\">\n\t\t\t\t\t\t\t<div class=\"elementor-spacer\">\n\t\t\t<div class=\"elementor-spacer-inner\"><\/div>\n\t\t<\/div>\n\t\t\t\t\t\t<\/div>\n\t\t\t\t<\/div>\n\t\t\t\t<div class=\"elementor-element elementor-element-c645fa8 elementor-widget elementor-widget-heading\" data-id=\"c645fa8\" data-element_type=\"widget\" data-widget_type=\"heading.default\">\n\t\t\t\t<div class=\"elementor-widget-container\">\n\t\t\t\t\t<h2 class=\"elementor-heading-title elementor-size-default\">Administramos condominios, oficinas y consultorios m\u00e9dicos <\/h2>\t\t\t\t<\/div>\n\t\t\t\t<\/div>\n\t\t\t\t<div class=\"elementor-element elementor-element-e0fa00a elementor-widget elementor-widget-spacer\" data-id=\"e0fa00a\" data-element_type=\"widget\" data-widget_type=\"spacer.default\">\n\t\t\t\t<div class=\"elementor-widget-container\">\n\t\t\t\t\t\t\t<div class=\"elementor-spacer\">\n\t\t\t<div class=\"elementor-spacer-inner\"><\/div>\n\t\t<\/div>\n\t\t\t\t\t\t<\/div>\n\t\t\t\t<\/div>\n\t\t\t\t<div class=\"elementor-element elementor-element-3e6c20f elementor-align-center elementor-widget elementor-widget-button\" data-id=\"3e6c20f\" data-element_type=\"widget\" data-widget_type=\"button.default\">\n\t\t\t\t<div class=\"elementor-widget-container\">\n\t\t\t\t\t\t\t\t\t<div class=\"elementor-button-wrapper\">\n\t\t\t\t\t<a class=\"elementor-button elementor-button-link elementor-size-xl elementor-animation-pulse-grow\" href=\"https:\/\/inmobilik.com\/index.php\/contacto\/\">\n\t\t\t\t\t\t<span class=\"elementor-button-content-wrapper\">\n\t\t\t\t\t\t\t\t\t<span class=\"elementor-button-text\">Cont\u00e1ctanos<\/span>\n\t\t\t\t\t<\/span>\n\t\t\t\t\t<\/a>\n\t\t\t\t<\/div>\n\t\t\t\t\t\t\t\t<\/div>\n\t\t\t\t<\/div>\n\t\t\t\t<div class=\"elementor-element elementor-element-a9d9375 elementor-widget elementor-widget-spacer\" data-id=\"a9d9375\" data-element_type=\"widget\" data-widget_type=\"spacer.default\">\n\t\t\t\t<div class=\"elementor-widget-container\">\n\t\t\t\t\t\t\t<div class=\"elementor-spacer\">\n\t\t\t<div class=\"elementor-spacer-inner\"><\/div>\n\t\t<\/div>\n\t\t\t\t\t\t<\/div>\n\t\t\t\t<\/div>\n\t\t\t\t\t<\/div>\n\t\t<\/div>\n\t\t\t\t<div class=\"elementor-column elementor-col-25 elementor-top-column elementor-element elementor-element-0c735ba\" data-id=\"0c735ba\" data-element_type=\"column\">\n\t\t\t<div class=\"elementor-widget-wrap\">\n\t\t\t\t\t\t\t<\/div>\n\t\t<\/div>\n\t\t\t\t\t<\/div>\n\t\t<\/section>\n\t\t\t\t<section class=\"elementor-section elementor-top-section elementor-element elementor-element-cd1f76c elementor-section-full_width elementor-section-height-default elementor-section-height-default wpr-particle-no wpr-jarallax-no wpr-parallax-no wpr-sticky-section-no\" data-id=\"cd1f76c\" data-element_type=\"section\">\n\t\t\t\t\t\t<div class=\"elementor-container elementor-column-gap-default\">\n\t\t\t\t\t<div class=\"elementor-column elementor-col-100 elementor-top-column elementor-element elementor-element-031d366\" data-id=\"031d366\" data-element_type=\"column\">\n\t\t\t<div class=\"elementor-widget-wrap elementor-element-populated\">\n\t\t\t\t\t\t<div class=\"elementor-element elementor-element-29234c9 elementor-widget-divider--view-line elementor-widget elementor-widget-divider\" data-id=\"29234c9\" data-element_type=\"widget\" data-widget_type=\"divider.default\">\n\t\t\t\t<div class=\"elementor-widget-container\">\n\t\t\t\t\t\t\t<div class=\"elementor-divider\">\n\t\t\t<span class=\"elementor-divider-separator\">\n\t\t\t\t\t\t<\/span>\n\t\t<\/div>\n\t\t\t\t\t\t<\/div>\n\t\t\t\t<\/div>\n\t\t\t\t\t<\/div>\n\t\t<\/div>\n\t\t\t\t\t<\/div>\n\t\t<\/section>\n\t\t\t\t<section class=\"elementor-section elementor-top-section elementor-element elementor-element-ad2b27e elementor-section-boxed elementor-section-height-default elementor-section-height-default wpr-particle-no wpr-jarallax-no wpr-parallax-no wpr-sticky-section-no\" data-id=\"ad2b27e\" data-element_type=\"section\">\n\t\t\t\t\t\t<div class=\"elementor-container elementor-column-gap-default\">\n\t\t\t\t\t<div class=\"elementor-column elementor-col-100 elementor-top-column elementor-element elementor-element-ee0c42c\" data-id=\"ee0c42c\" data-element_type=\"column\">\n\t\t\t<div class=\"elementor-widget-wrap elementor-element-populated\">\n\t\t\t\t\t\t<div class=\"elementor-element elementor-element-412960b elementor-widget elementor-widget-heading\" data-id=\"412960b\" data-element_type=\"widget\" data-widget_type=\"heading.default\">\n\t\t\t\t<div class=\"elementor-widget-container\">\n\t\t\t\t\t<h2 class=\"elementor-heading-title elementor-size-default\">CONTAMOS CON SERVICIOS ADMINISTRATIVOS TALES COMO: <\/h2>\t\t\t\t<\/div>\n\t\t\t\t<\/div>\n\t\t\t\t<div class=\"elementor-element elementor-element-52df82d elementor-widget elementor-widget-text-editor\" data-id=\"52df82d\" data-element_type=\"widget\" data-widget_type=\"text-editor.default\">\n\t\t\t\t<div class=\"elementor-widget-container\">\n\t\t\t\t\t\t\t\t\t<p><span style=\"color: #444444; font-family: verdana, arial, sans-serif; font-size: medium; white-space: pre-wrap;\">\u2022 Elaboraci\u00f3n y dise\u00f1o de presupuestos de acuerdo a la necesidad del edificio <\/span><\/p><p><span style=\"color: #444444; font-family: verdana, arial, sans-serif; font-size: medium; white-space: pre-wrap;\">\u2022 Elaboraci\u00f3n de reportes contables y fiscales seg\u00fan lo requiera la administraci\u00f3n.<\/span><\/p><p><span style=\"color: #444444; font-family: verdana, arial, sans-serif; font-size: medium; white-space: pre-wrap;\">\u2022 Cobro de cuentas mensual y transparencia de las mismas. <\/span><\/p><p><span style=\"color: #444444; font-family: verdana, arial, sans-serif; font-size: medium; white-space: pre-wrap;\">\u2022 Entrega puntual de estados de cuenta. <\/span><\/p><p><span style=\"color: #444444; font-family: verdana, arial, sans-serif; font-size: medium; white-space: pre-wrap;\">\u2022 Atenci\u00f3n puntual a los cond\u00f3minos. <\/span><\/p><p><span style=\"color: #444444; font-family: verdana, arial, sans-serif; font-size: medium; white-space: pre-wrap;\">\u2022 Alianzas comerciales con los proveedores de los principales servicios insumos. <\/span><\/p><p><span style=\"color: #444444; font-family: verdana, arial, sans-serif; font-size: medium; white-space: pre-wrap;\">\u2022 Pagos de servicios generales. <\/span><\/p><p><span style=\"color: #444444; font-family: verdana, arial, sans-serif; font-size: medium; white-space: pre-wrap;\">\u2022 Apoyamos a la <\/span><span style=\"color: #444444; font-family: verdana, arial, sans-serif; font-size: medium; white-space: pre-wrap;\">minimizaci\u00f3n<\/span><span style=\"color: #444444; font-family: verdana, arial, sans-serif; font-size: medium; white-space: pre-wrap;\"> costos y gastos. <\/span><\/p><p><span style=\"color: #444444; font-family: verdana, arial, sans-serif; font-size: medium; white-space: pre-wrap;\">\u2022 Supervisi\u00f3n, capacitaci\u00f3n y control del personal. <\/span><\/p><p><span style=\"color: #444444; font-family: verdana, arial, sans-serif; font-size: medium; white-space: pre-wrap;\">\u2022 Contamos con supervisi\u00f3n constante del edificio. <\/span><\/p><p><span style=\"color: #444444; font-family: verdana, arial, sans-serif; font-size: medium; white-space: pre-wrap;\">\u2022 <\/span><span style=\"color: #444444; font-family: verdana, arial, sans-serif; font-size: medium; white-space: pre-wrap;\">P\u00f3lizas<\/span> <span style=\"color: #444444; font-family: verdana, arial, sans-serif; font-size: medium; white-space: pre-wrap;\">jur\u00eddicas<\/span><span style=\"color: #444444; font-family: verdana, arial, sans-serif; font-size: medium; white-space: pre-wrap;\">. <\/span><\/p>\t\t\t\t\t\t\t\t<\/div>\n\t\t\t\t<\/div>\n\t\t\t\t<div class=\"elementor-element elementor-element-3d085c9 elementor-widget elementor-widget-heading\" data-id=\"3d085c9\" data-element_type=\"widget\" data-widget_type=\"heading.default\">\n\t\t\t\t<div class=\"elementor-widget-container\">\n\t\t\t\t\t<h2 class=\"elementor-heading-title elementor-size-default\">Alianzas con empresas de seguridad y limpieza certificadas<\/h2>\t\t\t\t<\/div>\n\t\t\t\t<\/div>\n\t\t\t\t<section class=\"elementor-section elementor-inner-section elementor-element elementor-element-3ac55b6 elementor-section-full_width elementor-section-height-default elementor-section-height-default wpr-particle-no wpr-jarallax-no wpr-parallax-no wpr-sticky-section-no\" data-id=\"3ac55b6\" data-element_type=\"section\">\n\t\t\t\t\t\t<div class=\"elementor-container elementor-column-gap-wider\">\n\t\t\t\t\t<div class=\"elementor-column elementor-col-50 elementor-inner-column elementor-element elementor-element-5150f49\" data-id=\"5150f49\" data-element_type=\"column\">\n\t\t\t<div class=\"elementor-widget-wrap elementor-element-populated\">\n\t\t\t\t\t\t<div class=\"elementor-element elementor-element-eb8c954 elementor-widget elementor-widget-image\" data-id=\"eb8c954\" data-element_type=\"widget\" data-widget_type=\"image.default\">\n\t\t\t\t<div class=\"elementor-widget-container\">\n\t\t\t\t\t\t\t\t\t\t\t\t\t\t\t\t<a href=\"https:\/\/corporativobl.com\/\">\n\t\t\t\t\t\t\t<img decoding=\"async\" src=\"https:\/\/inmobilik.com\/wp-content\/uploads\/elementor\/thumbs\/LBYLOF-1-q15c2undcnfdow1ype492iqz08bae9r4v57nnos0js.png\" title=\"LBYLOF\" alt=\"LBYLOF\" loading=\"lazy\" \/>\t\t\t\t\t\t\t\t<\/a>\n\t\t\t\t\t\t\t\t\t\t\t\t\t\t\t<\/div>\n\t\t\t\t<\/div>\n\t\t\t\t\t<\/div>\n\t\t<\/div>\n\t\t\t\t<div class=\"elementor-column elementor-col-50 elementor-inner-column elementor-element elementor-element-7d32397\" data-id=\"7d32397\" data-element_type=\"column\">\n\t\t\t<div class=\"elementor-widget-wrap elementor-element-populated\">\n\t\t\t\t\t\t<div class=\"elementor-element elementor-element-3fa3ed9 elementor-widget elementor-widget-image\" data-id=\"3fa3ed9\" data-element_type=\"widget\" data-widget_type=\"image.default\">\n\t\t\t\t<div class=\"elementor-widget-container\">\n\t\t\t\t\t\t\t\t\t\t\t\t\t\t\t\t<a href=\"https:\/\/tyjseguridadprivada.com\/\">\n\t\t\t\t\t\t\t<img fetchpriority=\"high\" decoding=\"async\" width=\"300\" height=\"232\" src=\"https:\/\/inmobilik.com\/wp-content\/uploads\/2023\/01\/LMTYJ01-300x232.png\" class=\"attachment-medium size-medium wp-image-1420\" alt=\"\" srcset=\"https:\/\/inmobilik.com\/wp-content\/uploads\/2023\/01\/LMTYJ01-300x232.png 300w, https:\/\/inmobilik.com\/wp-content\/uploads\/2023\/01\/LMTYJ01-768x593.png 768w, https:\/\/inmobilik.com\/wp-content\/uploads\/2023\/01\/LMTYJ01.png 792w\" sizes=\"(max-width: 300px) 100vw, 300px\" \/>\t\t\t\t\t\t\t\t<\/a>\n\t\t\t\t\t\t\t\t\t\t\t\t\t\t\t<\/div>\n\t\t\t\t<\/div>\n\t\t\t\t\t<\/div>\n\t\t<\/div>\n\t\t\t\t\t<\/div>\n\t\t<\/section>\n\t\t\t\t\t<\/div>\n\t\t<\/div>\n\t\t\t\t\t<\/div>\n\t\t<\/section>\n\t\t\t\t<\/div>\n\t\t","protected":false},"excerpt":{"rendered":"<p>ADMINISTRACI\u00d3N DE EDIFICIOS Administramos condominios, oficinas y consultorios m\u00e9dicos Cont\u00e1ctanos CONTAMOS CON SERVICIOS ADMINISTRATIVOS TALES COMO: \u2022 Elaboraci\u00f3n y dise\u00f1o de presupuestos de acuerdo a la necesidad del edificio \u2022 Elaboraci\u00f3n de reportes contables y fiscales seg\u00fan lo requiera la administraci\u00f3n. \u2022 Cobro de cuentas mensual y transparencia de las mismas. \u2022 Entrega puntual de estados de cuenta. \u2022 Atenci\u00f3n puntual a los cond\u00f3minos. \u2022 Alianzas comerciales con los proveedores de los principales servicios insumos. \u2022 Pagos de servicios generales. \u2022 Apoyamos a la minimizaci\u00f3n costos y gastos. \u2022 Supervisi\u00f3n, capacitaci\u00f3n y control del personal. \u2022 Contamos con supervisi\u00f3n constante del edificio. \u2022 P\u00f3lizas jur\u00eddicas. Alianzas con empresas de seguridad y limpieza certificadas<\/p>\n","protected":false},"author":1,"featured_media":0,"parent":0,"menu_order":0,"comment_status":"closed","ping_status":"closed","template":"page-templates\/template-pagebuilder-full-width.php","meta":{"neve_meta_sidebar":"","neve_meta_container":"","neve_meta_enable_content_width":"off","neve_meta_content_width":100,"neve_meta_title_alignment":"","neve_meta_author_avatar":"","neve_post_elements_order":"","neve_meta_disable_header":"","neve_meta_disable_footer":"","neve_meta_disable_title":"","_joinchat":[],"footnotes":""},"class_list":["post-1344","page","type-page","status-publish","hentry"],"_links":{"self":[{"href":"https:\/\/inmobilik.com\/index.php\/wp-json\/wp\/v2\/pages\/1344","targetHints":{"allow":["GET"]}}],"collection":[{"href":"https:\/\/inmobilik.com\/index.php\/wp-json\/wp\/v2\/pages"}],"about":[{"href":"https:\/\/inmobilik.com\/index.php\/wp-json\/wp\/v2\/types\/page"}],"author":[{"embeddable":true,"href":"https:\/\/inmobilik.com\/index.php\/wp-json\/wp\/v2\/users\/1"}],"replies":[{"embeddable":true,"href":"https:\/\/inmobilik.com\/index.php\/wp-json\/wp\/v2\/comments?post=1344"}],"version-history":[{"count":64,"href":"https:\/\/inmobilik.com\/index.php\/wp-json\/wp\/v2\/pages\/1344\/revisions"}],"predecessor-version":[{"id":1725,"href":"https:\/\/inmobilik.com\/index.php\/wp-json\/wp\/v2\/pages\/1344\/revisions\/1725"}],"wp:attachment":[{"href":"https:\/\/inmobilik.com\/index.php\/wp-json\/wp\/v2\/media?parent=1344"}],"curies":[{"name":"wp","href":"https:\/\/api.w.org\/{rel}","templated":true}]}}